) = -j + 7. Let d(x) = -l(x) - 2*q(x). Let z be d(-12). Let a = z + 24. What are the prime factors of a?
29
Let m(y) = -y + 146. List the prime factors of m(0).
2, 73
Let s(z) = 4*z - 3 - 8 + 3*z - 2*z. Suppose -4*n - 5*g = -17, 2*g + 23 = n - 3*g. What are the prime factors of s(n)?
29
Let p(q) = 5*q - 9. Let d be p(6). Let b be 2/(-7) - (-48)/d. List the prime factors of 7/7 + 0 + b.
3
List the prime factors of (1744 - 1)*3/9.
7, 83
Let p(f) = -4*f + 2. Let z be p(2). Let i = z + 0. Let g(c) = c**2 + 6*c + 5. List the prime factors of g(i).
5
Let q be 9/4 + (-13)/52. Let f be 61 + 3 + -2 + q. Let x = f + -36. What are the prime factors of x?
2, 7
Let r = -130 + 207. Let d = -52 + r. What are the prime factors of d?
5
Suppose 15*j - 24*j = -5940. What are the prime factors of j?
2, 3, 5, 11
Suppose 0 = -27*r + 1898 + 3313. What are the prime factors of r?
193
Let x(l) = 7*l - 7. Let j be x(-5). List the prime factors of (196/j)/((-1)/15).
2, 5, 7
Let p(w) = 3*w**3 - 6*w**2 - 9*w + 12. Let x = 67 - 62. List the prime factors of p(x).
2, 3
Let y(w) be the second derivative of 7*w**3/6 + 7*w**2 + 4*w. Let j be y(11). Suppose -5*t - 15 = 0, 0 = 3*i + i - 5*t - j. What are the prime factors of i?
19
Let r = 9 - -3. Let t = -9 + r. Suppose -t*b + 4*j = -24, 0*j + 15 = 2*b - 3*j. What are the prime factors of b?
2, 3
Suppose -4*c + 20 = 0, 2*u = 7*c - 3*c - 34. Suppose 6*h = h + 5*o + 135, -147 = -5*h + o. Let z = h - u. What are the prime factors of z?
37
Suppose -3*z = -8 + 5. Suppose -5*s + 63 = 5*g - 92, 0 = g - z. What are the prime factors of s?
2, 3, 5
Let p(d) = -d**2 - 6*d + 9. Let f be p(-7). Suppose 0*b - 94 = -2*b. Suppose f*n - b = 41. What are the prime factors of n?
2, 11
Suppose 85*m - 93*m + 8 = 0. Let a(b) = -b**3 + 0*b - 1 - b**2 + b + 34*b**3. List the prime factors of a(m).
2
Suppose -2*l = l + x - 1, -5*l - x + 1 = 0. Suppose 15 = u - l*u. What are the prime factors of (7 + -3 + u)*1?
19
Let p = -1 - -99. Suppose -3*y + y = -a + 57, -2*a - 4*y = -p. What are the prime factors of a?
53
List the prime factors of 132/(-88)*(-14624)/6.
2, 457
Let f(h) = h**2 + 4*h - 5. Let c be f(-6). Let p(y) = 19 + 13 + 23 - 70 + 4*y. What are the prime factors of p(c)?
13
Suppose -3*y + 7 = -4*y. Let q be y/2*(-2)/1. Let a = 15 - q. List the prime factors of a.
2
Let v(f) = f**2 - 20. Let k be v(5). Suppose 21 = -s + 2*s + k*m, 0 = m. What are the prime factors of s?
3, 7
Let c(h) = -5*h**3 - 2*h**2 + 6*h - 20. What are the prime factors of c(-5)?
3, 5, 7
Let x(v) = -11*v**2 + 28*v - 45. Let u(i) = -5*i**2 + 14*i - 22. Let a(p) = 9*u(p) - 4*x(p). Suppose -b = 4*b - 55. What are the prime factors of a(b)?
3, 5
Let j(g) = -3*g - 6. Let f be j(-3). Suppose f*s + 0*s = -3*k + 12, -10 = -s + k. Suppose -12 = -s*t + 4*t. List the prime factors of t.
2
Let h(y) = y + 11. Let r be -12*((-36)/(-8) + -4). Let b be h(r). Suppose 72 = -b*q + 297. List the prime factors of q.
3, 5
Suppose 0 = 3*l + 127 - 949. List the prime factors of l.
2, 137
Let l = -1450 - -5260. What are the prime factors of l?
2, 3, 5, 127
Let i = 950 + 580. List the prime factors of i.
2, 3, 5, 17
Let f(g) = -g - 35. Let i be f(-21). What are the prime factors of (19/(-3))/(i/126)?
3, 19
Let p be 2*2/(-1 + 3). Suppose -2*r - 2*r - 2*f + 138 = 0, 2 = p*f. List the prime factors of r.
2, 17
Let t be -2 + (-5)/(-1) - -1. Let s be (0 + 234)/3 - t. Let j = s - 39. What are the prime factors of j?
5, 7
Let d be 9/((-81)/(-6))*6. Let b = 12 - 22. List the prime factors of (78/b)/(d/(-20)).
3, 13
Let r be 1*(-4)/4 - -7. Suppose r*l - 10 - 20 = 0. Suppose -2*g + 114 = -5*i - 20, l*g = 3*i + 335. List the prime factors of g.
67
Suppose 7*d = 8*d - 5*r - 1619, 3*d + 3*r = 4785. What are the prime factors of d?
3, 13, 41
Suppose 14*l = 13*l + 324. List the prime factors of l.
2, 3
Suppose 5*w + 38*p - 37*p - 8306 = 0, 4*p + 16 = 0. What are the prime factors of w?
2, 3, 277
Let u(m) = m**3 + 2*m**2 - 1. Let k be u(1). Suppose -5*y + 29 = -k*j - j, 0 = 2*y - 5*j - 23. What are the prime factors of 18*(2 - 2/y)?
3
Let y(t) = t**3 - 4*t**2 - 3*t + 4. Let z = 22 - 16. List the prime factors of y(z).
2, 29
Suppose 0 = 4*b - 4*d - 20, -5*d + 3*d = 2*b + 2. Suppose 0 = i + 3*f - 28, b*i = i - 2*f + 25. List the prime factors of i.
19
List the prime factors of -1255*(-1)/((-18)/(-6))*3.
5, 251
Let p(v) = 40*v - 52. What are the prime factors of p(14)?
2, 127
Suppose 4*a - 3*a - z - 7 = 0, 4*a = 5*z + 30. Let s be 1/(0 - (-4)/84). Let x = s - a. List the prime factors of x.
2
Let m(g) be the third derivative of 1/4*g**4 + 0 + 0*g + 7*g**2 + 2/3*g**3. What are the prime factors of m(4)?
2, 7
Let k(r) = -r - 19. Let s be k(-16). Let x = s - -25. What are the prime factors of x?
2, 11
Let s(x) = -217*x**3 + x**2 - 1. Let i be s(-1). Let b be (-6)/14 - i/(-49). List the prime factors of (6/b + -1)*16.
2
Suppose -s - 1 + 79 = 0. Suppose -4*y + r = -3*y - 24, 3*y + 3*r - s = 0. What are the prime factors of y?
5
Suppose -p = 5*h - 84, -2*h = -3*p + 2*h + 309. List the prime factors of p.
3, 11
Let j = 3 + 0. Suppose -4*z + 25 = -6*g + j*g, -3*g - 9 = 0. Suppose -20 = -6*x + z. List the prime factors of x.
2
Let q = -5 + -28. Let k = 54 + q. List the prime factors of (-6)/k - (-1296)/28.
2, 23
Let x(l) = -l**3 - 9*l**2 - 4*l + 34. Let d be x(-7). Let p be 52 + 1 + 2/(-2). Let z = p + d. What are the prime factors of z?
2
Suppose -1794 = -2*u - 2*m + 2104, 3*m + 9777 = 5*u. List the prime factors of u.
3, 7, 31
Let g(f) = 11*f + 14. Let d be g(11). Let o = -13 + d. List the prime factors of o.
2, 61
Suppose 59*u = 65*u - 1764. What are the prime factors of u?
2, 3, 7
Let f(y) = y**3 - y**2 - 1. Let n be 0 - -2 - (5 + -1). Let j(q) = -3*q**3 - 10*q**2 - q - 12. Let v(u) = n*f(u) - j(u). List the prime factors of v(-12).
2
List the prime factors of (-26815)/(-30) + (24/(-6))/(-24).
2, 3, 149
Suppose 5*n - 9 = 16. Let r be (-4)/(-10) + 13/n. Suppose r*d - 51 = -6. List the prime factors of d.
3, 5
Suppose -5*a + u + 67 = -0*a, 5*a - 3*u - 71 = 0. Let p(f) = f - 26. Let b be p(a). Let s(c) = -4*c - 18. List the prime factors of s(b).
2, 17
Let u(n) = -6*n + 2. Let p be u(-15). List the prime factors of p/(-8)*-2 + 2.
5
Let h(i) = -i - 1. Let y(u) = -83*u + 2. Let c(g) = -6*h(g) - y(g). List the prime factors of c(1).
3, 31
Suppose -2*s = w + s - 313, 3*w - 944 = -4*s. Suppose 44 = 5*d - w. List the prime factors of d.
2, 3
Suppose 6*t - 11*t + f + 2420 = 0, 5*f = -2*t + 995. List the prime factors of t.
5, 97
Suppose 72312 = -96*i + 119*i. List the prime factors of i.
2, 3, 131
Suppose 0 = 4*z + 12 - 0. What are the prime factors of (z - 0)*(-30 + 11)?
3, 19
List the prime factors of (-2 - (-35)/15) + 1073/3.
2, 179
Let l(b) be the third derivative of b**5/30 + b**4/24 + 6*b**2. Let m(p) = p**2 - 1. Let r(s) = 2*l(s) - 3*m(s). List the prime factors of r(-4).
11
Let y = -367 + 121. Let f = -144 - y. What are the prime factors of f?
2, 3, 17
Let r = -122 + 122. Suppose 3*y + 2*y - 230 = r. What are the prime factors of y?
2, 23
List the prime factors of 2865*(-4)/(-24)*2.
5, 191
Suppose -2*s = 2*z - 6*s - 8, -4*z + 11 = -3*s. Suppose -z*w + 4*w - 28 = 0. What are the prime factors of 36/w*(-6 - -13)?
2, 3
Let h(v) = 7*v**2 + v + 5. Let r(d) = d**2 + 8*d + 4. Let b be r(-8). List the prime factors of h(b).
11
Suppose -3*x + 6 + 9 = 0. Suppose x*q = 7*q - 344. Suppose -3*m - 28 = -z, -4*m - q = -5*z - 5*m. What are the prime factors of z?
2, 17
Let c = 3388 + -2028. What are the prime factors of c?
2, 5, 17
Let m(p) = -18*p - 347. What are the prime factors of m(-21)?
31
Let m = 299 + 455. What are the prime factors of m?
2, 13, 29
Suppose 0 = -2*b - 8, -a + b + 1 = -10. Suppose a*q = -8*q + 3915. What are the prime factors of q?
3, 29
Suppose -2*g = -0*q - 5*q - 17, -3*q = 2*g + 23. List the prime factors of g - -6 - (-16 + 1).
17
Let q(u) be the first derivative of u**4/4 + 3*u**3 + 5*u**2 + 6*u + 2. Suppose 11 = -2*b - 3. What are the prime factors of q(b)?
2, 17
Let k = 1062 - 737. List the prime factors of k.
5, 13
Suppose -12 = -4*d, -3*f + 18 = 3*d - d. Suppose o - 54 = -2*b, -f*b + 74 = -b - 2*o. What are the prime factors of b?
2, 13
Suppose 308 = -3*j - w, j + 5*w - 1 + 113 = 0. Let y = j - -143. List the